t o(j) = -413*j + 203*j + 198*j. Determine o(1).
-12
Let x(b) = -4*b + 2. Let l(d) = d. Let f(g) = -g - 1. Let i be f(-2). Let h be 1/(-4)*2 - 11/(-2). Let u(y) = h*l(y) + i*x(y). Determine u(3).
5
Let f = -1 + 4. Suppose f*m + 8*h = 4*h + 10, -2*h + 2 = 0. Let z(x) = -8*x**2 + 4*x + 9. Let p(d) = d**2 - d - 1. Let a(i) = -6*p(i) - z(i). Determine a(m).
9
Let i(o) = -o + 1. Let w be (28/(-42))/((-2)/3). Let r = w + -16. Let j = r + 14. What is i(j)?
2
Suppose 0 = -2*h - 7*h - 54. Let w be (-6)/(-4)*66/9. Let i(u) = -14*u**2 - 15*u + 8. Let j(x) = -5*x**2 - 5*x + 3. Let m(v) = w*j(v) - 4*i(v). What is m(h)?
7
Let d(i) = 3*i**3 - 9*i**2 - 6*i - 9. Let f be -3*(-1)/((-12)/16). Let y(k) = -4*k**3 + 10*k**2 + 7*k + 10. Let x(r) = f*y(r) - 5*d(r). Calculate x(-5).
-5
Let b(h) be the third derivative of h**5/60 + h**4/4 + 5*h**3/6 - 33*h**2. Determine b(-4).
-3
Suppose 10*x = 15 + 5. Let j(h) = 3*h**x - 3*h + 3*h**2 - 3 + 0*h**2 - 4*h**2. Determine j(4).
17
Let d(s) = 28*s**3 + s + 1. Suppose -c = 3*r + 1, -16*c = -20*c + 4*r - 4. Determine d(c).
-28
Let c(p) = p**3 + 7*p**2 + 7*p + 1. Let n = -11 - -13. Suppose -s - n*s = -15. Let i = -11 + s. Give c(i).
-5
Let t(l) be the first derivative of l**4/6 + l**3/2 + 5*l**2/2 + 10. Let q(z) be the second derivative of t(z). Let m be (-24)/15 - 4/10. Calculate q(m).
-5
Let n = -2 - -4. Suppose -6*k = -n*k - 0*k. Let o(t) = t**2 + t - 6. Determine o(k).
-6
Let x(u) be the first derivative of u**5/20 + u**4/6 - u**3/6 - u**2 - 10*u - 22. Let h(b) be the first derivative of x(b). What is h(2)?
12
Let t(v) be the first derivative of 7*v + 15 - 4*v**2 + 1/3*v**3. Give t(8).
7
Let o(i) = 7*i**2 + 3*i - 3 + i**3 - 7*i**2 + 2*i**2 + i**3 - 5*i. Let v(f) = -4*f - f**2 - 2 - 2*f + 2*f**2. Let b be v(6). Determine o(b).
-7
Let v(j) be the second derivative of j**4/12 + 8*j**3/3 + 6*j**2 + 23*j - 2. Give v(-15).
-3
Let z be (-6)/(1 - (-8)/(-5)). Let p be 4 - 2 - (-10)/z. Let w(y) = -2 - 13*y + p*y + 9*y. What is w(7)?
-9
Suppose 3*n + 11 + 5 = -5*g, -n - 2 = 5*g. Let l(i) = i**2 - 7*i + 3. Let h(p) = -3*p**2 + 14*p - 5. Let w(r) = -2*h(r) - 5*l(r). Give w(n).
-5
Suppose 3*i - 19 = -c, -2*c = 2*c - 5*i - 8. Let x(l) = -c*l - 4 + 11*l - 7*l - l. Calculate x(-4).
12
Let a = 79 - 77. Let h(j) = j - 2 + a*j + 6*j - 2*j. Determine h(-2).
-16
Let o(t) = t**3 - 2*t**2 - 3*t - 4. Let d = 69 - 66. Suppose 201*u - 200*u = d. Give o(u).
-4
Let a(q) be the first derivative of -5/3*q**3 - 1/4*q**4 + 4*q + 1/2*q**2 + 9. Give a(-5).
-1
Let b = 96 + -99. Let i(o) = -o**2 - 3*o + 4. Give i(b).
4
Suppose 0 = -3*h + 60 - 18. Suppose 0*n - h*n - 28 = 0. Let c(s) = s**2 + 2*s + 3. Determine c(n).
3
Let l = 4 - 10. Let o(c) be the third derivative of c**5/60 + c**4/6 + c**3/3 - 1306*c**2. Determine o(l).
14
Let q be 3 + -3 + 3 - 4. Let y be (30/45)/(q/(-6)). Suppose -y*b - 3 = -b. Let z(s) = -11*s**2. What is z(b)?
-11
Let a be ((-39)/6 - -3 - -3)*-4. Let t(z) = -5 - 3 - 4 - a*z + 5. Give t(-6).
5
Suppose 0 = w + w - 20. Let n(b) = -11*b - w - 13*b + 23*b. Determine n(-7).
-3
Let z be 50/(-2)*(2 + -6 + 3). Let u = 30 - z. Let p(y) = y**3 - 4*y**2 - 5*y - 5. Calculate p(u).
-5
Suppose 4*y - 2*j + 64 = -4*j, -4*y - j - 62 = 0. Let i(x) = -x**2 - 15*x + 4. Determine i(y).
4
Let a(q) = 20*q**2 + 6*q + 9. Let m(z) = 27*z**2 + 5*z + 8. Let r(i) = 4*a(i) - 3*m(i). Give r(8).
20
Let t(d) = 3*d**2 - d. Let u be t(-1). Suppose 3*l + 7 + 14 = 2*m, -m = u*l + 17. Let r(p) = -p - 1. Calculate r(m).
-4
Suppose -2*h + 64 = 60. Let v be (-2 + h + -1)/(22/154). Let c(q) = -q**2 - 6*q. Give c(v).
-7
Let q(y) = -7 + 8 + 1 + 6 + 4*y. Determine q(-6).
-16
Let i = 52 + -50. Let r(b) = 4*b - b**i + 4*b + 11 - 10. Calculate r(8).
1
Let b(j) = j + 1. Suppose 0 = -19*g - 20 + 1. Give b(g).
0
Let j be 8/(-14) + (-348)/28. Let u(w) = -w**3 - 14*w**2 - 14*w - 21. Calculate u(j).
-8
Let g = -8 - -13. Suppose g*h + 4 = -l, 0 = -2*l + l - h + 8. Let u = l - 17. Let o(s) = -2*s - 7. Calculate o(u).
5
Let n(i) be the third derivative of -i**5/60 + 3*i**4/8 + i**3/3 - i**2 + 50. Let f(d) = d**2 - 5*d + 4. Let g be f(6). What is n(g)?
-8
Let g(f) = 0 + 111*f + 3 - 104*f. Give g(-1).
-4
Let p(u) = -6 + 0 + 2*u**3 - 4*u**3 - 2*u**2 + 0*u**3 + 4 + u. Suppose 5*k - 7*x + 10 = -2*x, -2*x = 0. Give p(k).
4
Let n(g) = -g**2 - 7*g + 34. Suppose 48*p = 39*p - 90. Determine n(p).
4
Let d(z) be the first derivative of -2*z**3/3 - 6*z**2 + 3*z - 22. Give d(-7).
-11
Let q(s) = 3*s**3 + s**2 + 3*s - 11. Let k(h) = 4*h**3 + 5*h - 12. Let d(o) = -2*k(o) + 3*q(o). Determine d(-3).
-6
Let g = 342 + -212. Let d(s) = -s**3 + 130*s - g*s + 2. Give d(-2).
10
Let d(k) = -k**2 + 3. Suppose 8*m = 5*m. Let r be d(m). Suppose -3*u + 4*u = r. Let b(x) = 5*x. Give b(u).
15
Let k(v) = -v**2 + 3*v + 1. Let g be k(4). Let t = 71 - 64. Let f(x) = -x - 8 + 17 - t. Calculate f(g).
5
Let t(b) = -3*b**2 - 2*b**2 - b**2 + 3 + 2*b**3 - 4*b + 5*b**2. Give t(2).
7
Let h(j) = 3*j**2 + 17414*j + 17411*j - 34828*j - 2 + j**3. Let r be 0 + (-6)/(-1) - 2. Suppose r*i = 5*i + 3. What is h(i)?
7
Let m(d) = -d + 10. Let c = -20 - -39. Suppose 16*h - c*h + 6 = 0. Suppose o = h*l - 3*o - 4, 3*o = 4*l - 18. What is m(l)?
4
Suppose -9*t + 5 = -40. Let g(p) = -5*p**3 + 9*p**2 + 5*p - 1. Let i(j) = 6*j**3 - 10*j**2 - 6*j. Let v(s) = -5*g(s) - 4*i(s). Give v(t).
0
Let i(o) = 2*o**2 + 2*o - 1. Suppose 83 + 77 = 4*v. Let f = v - 20. Let a = f + -19. What is i(a)?
3
Let v(o) be the second derivative of -o**7/2520 - o**6/720 + o**5/20 + o**4/12 + 21*o. Let d(g) be the third derivative of v(g). Calculate d(0).
6
Suppose -4*h = -3*k + 18, -4*k = 3*h - 0 + 1. Let c(n) = -4*n**2 - 4*n + 3. Let t(v) = v**2 + 2*v - 1. Let f(s) = c(s) + 3*t(s). Determine f(k).
0
Let y(v) = v**2 + v - 9. Let c be y(-4). Let t = 5 - c. Let i(u) = 13*u**2 - u - 2 - 5*u**2 - 9*u**t. Determine i(-3).
-8
Suppose -3*p - 21 = 3. Let d be (6/4)/((-2)/p). Let j(r) = r**2 - 8*r + 7. Determine j(d).
-5
Let h be -4 + 1 - 49/(-7). Let w = 38 + -14. Let u(j) = 7*j**2 - j**3 + 3 - 3*j**2 - 25*j + w*j. What is u(h)?
-1
Let n(a) = a**3 - 8*a**2 + 7*a + 3. Let m(u) = -12*u + 40. Let d be m(-6). Suppose 91 = -3*k + d. Determine n(k).
3
Let x(p) be the first derivative of -7*p**3/3 + p**2/2 + 12. What is x(1)?
-6
Suppose 0 = a - 14 - 11. Let t(q) = 27 + 4*q + 0*q - a - 2*q. Calculate t(6).
14
Suppose 17*u - 10*u - 7 = 0. Let t be 124/14 - ((-8)/7 + u). Let l(w) = w - 4. Give l(t).
5
Let w(t) = t**3 - 6*t**2 - t + 1. Let j = -57 + 60. Let m be (-1 - j)/(12/(-18)). Determine w(m).
-5
Let w be ((-2)/(-3))/(2/18). Let i(n) = 0 - 1 + 9 - w + 3*n + n**2. Let u = -4 - -1. Determine i(u).
2
Let k(p) = -2*p**2 - 14. Let b(v) = -v**2 - 7. Let u(a) = -5*b(a) + 2*k(a). Determine u(0).
7
Let n(o) = 16 - 68 + 3*o**2 - o + 33 + 18. Let t(g) = -g**2 - 4*g + 4. Suppose -d = -3*u + 2, d + 0*u + 4*u + 9 = 0. Let j be t(d). Determine n(j).
3
Let x(z) = -z**2 + 7*z + 2. Let r = -11 + 13. Suppose d - 5 - r = 0. Give x(d).
2
Let q(i) = -5*i - 1 - 106*i**2 + 105*i**2 + 7. Let l(c) = 2*c**2 + 10*c - 13. Let j(p) = -6*l(p) - 13*q(p). Determine j(-4).
-4
Let s(q) = 2*q + 5. Let w = -207 - -203. Calculate s(w).
-3
Suppose -224 = -40*w - 24. Let s(o) = o**3 - 5*o**2 - o + 2. Let k(i) = i**3 - 5*i**2 - i + 1. Let z(j) = 2*k(j) - 3*s(j). What is z(w)?
1
Let i(l) = 7*l**3 - 21*l**2 + 9*l - 7. Let g(c) = -17*c**3 + 6*c**3 + 10 + 84*c**2 - 22*c**2 - 13*c - 30*c**2. Let y(f) = -5*g(f) - 8*i(f). Give y(7).
6
Let o be (46 + 2)/4*-1. Let d = -17 - o. Let p(x) = -x**3 - 5*x**2 + 6. What is p(d)?
6
Suppose -3*b - 6 = 9. Let z(k) be the second derivative of -k**4/12 - 2*k**3/3 + k**2/2 - 317*k. Calculate z(b).
-4
Let b(n) be the first derivative of -2*n - 26 - 1/3*n**3 - 7/2*n**2. Suppose 4*f = -5*g - 47, 6*f - 6 = 3*g + f. Calculate b(g).
-2
Let z(a) = -268 + 78 + 81 + 90 + a. Calculate z(15).
-4
Let g(z) = -z**2 - z - 14. Let i(o) = -o**3 + 7*o**2 - 3*o - 5. Let t be i(7). Let v = t + 26. Determine g(v).
-14
Let g(w) = -20*w**3 - 72*w**2 + 4*w + 21. Let m(x) = -7*x**3 - 25*x**2 + x + 7. Let v(c) = 6*g(c) - 17*m(c). Give v(-8).
15
Suppose -q = 2*q - 15. Let d be (-4 + 9)/q*-4. Let y(t) = -t**3 - 5*t**2 - 6*t - 6. What is y(d)?
2
Let u(n) = 13*n + 9. Let j(k) = 12*k + 11. Let s(c) = -4*j(c) + 5*u(c). What is s(-1)?